{"id":5004,"date":"2023-03-10T12:24:23","date_gmt":"2023-03-10T11:24:23","guid":{"rendered":"https:\/\/african-futures.koeln\/events\/lafrofuturisme-plus-que-de-la-science-fiction-le-regard-vers-lavant-expose-introductif-et-table-ronde-suivis-dun-debat-projection-du-film-sun-ra-space-is-the-place\/"},"modified":"2023-06-12T10:46:20","modified_gmt":"2023-06-12T08:46:20","slug":"lafrofuturisme-plus-que-de-la-science-fiction-le-regard-vers-lavant-expose-introductif-et-table-ronde-suivis-dun-debat-projection-du-film-sun-ra-space-is-the-place","status":"publish","type":"mec-events","link":"https:\/\/african-futures.koeln\/fr\/events\/lafrofuturisme-plus-que-de-la-science-fiction-le-regard-vers-lavant-expose-introductif-et-table-ronde-suivis-dun-debat-projection-du-film-sun-ra-space-is-the-place\/","title":{"rendered":"L&rsquo;afrofuturisme &#8211; plus que de la science-fiction : le regard vers l&rsquo;avant, expos\u00e9 introductif et table ronde, suivis d&rsquo;un d\u00e9bat. Projection du film SUN RA &#8211; SPACE IS THE PLACE"},"content":{"rendered":"\n<p style=\"font-style:normal;font-weight:600\">L&rsquo;afrofuturisme est une esth\u00e9tique culturelle qui combine la science-fiction, l&rsquo;histoire et le fantastique pour repr\u00e9senter l&rsquo;exp\u00e9rience diasporique et sert d&rsquo;inspiration pour un avenir plus diversifi\u00e9.<\/p>\n\n<p style=\"font-style:normal;font-weight:700\">DISCUSSION POSTERIEURE : <strong>L&rsquo;afrofuturisme &#8211; plus que de la science-fiction<\/strong><br\/>Avec le Dr Natasha A. Kelly, Hawa Mansaray, Nando Nkrumah  <\/p>\n\n<p><a href=\"https:\/\/ticketprime.io\/e\/afrofuturismus-mehr-als-science-fiction\" target=\"_blank\" rel=\"noopener\"><strong>Plus d&rsquo;informations<\/strong><\/a><\/p>\n\n<p style=\"font-style:normal;font-weight:700\">FILM : SUN RA &#8211; SPACE IS THE PLACE<\/p>\n\n<p>Californie, ann\u00e9es 70 : le g\u00e9ant du jazz et voyageur temporel Sun Ra aspire \u00e0 un monde meilleur pour la population noire, lib\u00e9r\u00e9 de l&rsquo;oppression et du racisme. Il \u00e9labore donc un plan visionnaire : un groupe d&rsquo;\u00e9lus doit partir dans l&rsquo;espace \u00e0 bord d&rsquo;un vaisseau spatial pour fonder une nouvelle civilisation &#8211; avec l&rsquo;aide de la \u00ab\u00a0musique spatiale\u00a0\u00bb proph\u00e9tique de Ras. Mais la NASA s&rsquo;oppose \u00e0 ses projets.<br\/>le secret &#8230;<\/p>\n\n<p>\u00ab\u00a0Space Is The Place\u00a0\u00bb n&rsquo;est pas seulement un film culte, c&rsquo;est aussi une \u0153uvre cl\u00e9 de l&rsquo;afrofuturisme.<\/p>\n\n<p><em>\u00ab\u00a0Avec son m\u00e9lange de film musical, d&rsquo;op\u00e9ra de science-fiction et de critique sociale, SPACE IS THE PLACE est consid\u00e9r\u00e9 comme un chef-d&rsquo;\u0153uvre du film de genre afrofuturiste\u00a0\u00bb.<\/em><br\/><em>Jazzthing.de<\/em><\/p>\n\n<p style=\"font-style:normal;font-weight:700\">BILLETS  <br\/>Diksussion <a href=\"https:\/\/ticketprime.io\/e\/afrofuturismus-mehr-als-science-fiction\" target=\"_blank\" rel=\"noopener\">: https:\/\/ticketprime.io\/e\/afrofuturismus-mehr-als-science-fiction<\/a> <br\/>Film <a href=\"https:\/\/ticketprime.io\/e\/spaceistheplace\" target=\"_blank\" rel=\"noopener\">: https:\/\/ticketprime.io\/e\/spaceistheplace<\/a><\/p>\n\n<p><em><strong>L&rsquo;\u00e9v\u00e9nement est soutenu par la <a href=\"https:\/\/www.stadt-koeln.de\/artikel\/72503\/index.html\" target=\"_blank\" rel=\"noopener\">ville de Cologne<\/a>.<\/strong><\/em><\/p>\n\n<h2 class=\"wp-block-heading has-medium-font-size\" style=\"font-style:normal;font-weight:700;text-transform:uppercase\">Organisateur<\/h2>\n\n<p><a href=\"https:\/\/afrikafilmfestivalkoeln.de\" target=\"_blank\" rel=\"noopener\">Festival du film africain<\/a><\/p>\n\n<p><a href=\"https:\/\/isdonline.de\/\" target=\"_blank\" rel=\"noopener\">Isd Cologne<\/a><\/p>\n\n<p><a href=\"https:\/\/www.facebook.com\/SCDGGermany\" target=\"_blank\" rel=\"noopener\">Groupe de d\u00e9veloppement de la communaut\u00e9 du tournesol<\/a><\/p>\n\n<p><a href=\"https:\/\/proud-event.de\" target=\"_blank\" rel=\"noopener\">\u00c9v\u00e9nement Proud<\/a><\/p>\n\n<p><a href=\"https:\/\/twm-bibliothek.de\/\" target=\"_blank\" rel=\"noopener\">Biblioth\u00e8que Theodor Wonja Michael<\/a><\/p>\n\n<p><a href=\"https:\/\/myafrocity.com\" target=\"_blank\" rel=\"noopener\">Ma ville afro<\/a><\/p>\n","protected":false},"excerpt":{"rendered":"<p>L&rsquo;afrofuturisme est une esth\u00e9tique culturelle qui associe la science-fiction, l&rsquo;histoire et le fantastique.<br \/>\npour repr\u00e9senter l&rsquo;exp\u00e9rience diasporique et servir d&rsquo;inspiration pour un avenir plus diversifi\u00e9.<\/p>\n","protected":false},"author":1,"featured_media":4831,"comment_status":"closed","ping_status":"closed","template":"","mec_category":[308,309],"programmbereich":[],"mec_tag":[641],"class_list":["post-5004","mec-events","type-mec-events","status-publish","has-post-thumbnail","hentry","mec_category-art","mec_category-culture","mec_tag-ensemble-sur-le-chemin"],"acf":[],"_links":{"self":[{"href":"https:\/\/african-futures.koeln\/fr\/wp-json\/wp\/v2\/mec-events\/5004","targetHints":{"allow":["GET"]}}],"collection":[{"href":"https:\/\/african-futures.koeln\/fr\/wp-json\/wp\/v2\/mec-events"}],"about":[{"href":"https:\/\/african-futures.koeln\/fr\/wp-json\/wp\/v2\/types\/mec-events"}],"author":[{"embeddable":true,"href":"https:\/\/african-futures.koeln\/fr\/wp-json\/wp\/v2\/users\/1"}],"replies":[{"embeddable":true,"href":"https:\/\/african-futures.koeln\/fr\/wp-json\/wp\/v2\/comments?post=5004"}],"version-history":[{"count":3,"href":"https:\/\/african-futures.koeln\/fr\/wp-json\/wp\/v2\/mec-events\/5004\/revisions"}],"predecessor-version":[{"id":10174,"href":"https:\/\/african-futures.koeln\/fr\/wp-json\/wp\/v2\/mec-events\/5004\/revisions\/10174"}],"wp:featuredmedia":[{"embeddable":true,"href":"https:\/\/african-futures.koeln\/fr\/wp-json\/wp\/v2\/media\/4831"}],"wp:attachment":[{"href":"https:\/\/african-futures.koeln\/fr\/wp-json\/wp\/v2\/media?parent=5004"}],"wp:term":[{"taxonomy":"mec_category","embeddable":true,"href":"https:\/\/african-futures.koeln\/fr\/wp-json\/wp\/v2\/mec_category?post=5004"},{"taxonomy":"programmbereich","embeddable":true,"href":"https:\/\/african-futures.koeln\/fr\/wp-json\/wp\/v2\/programmbereich?post=5004"},{"taxonomy":"mec_tag","embeddable":true,"href":"https:\/\/african-futures.koeln\/fr\/wp-json\/wp\/v2\/mec_tag?post=5004"}],"curies":[{"name":"wp","href":"https:\/\/api.w.org\/{rel}","templated":true}]}}

L&rsquo;afrofuturisme &#8211; plus que de la science-fiction : le regard vers l&rsquo;avant, exposé introductif et table ronde, suivis d&rsquo;un débat. Projection du film SUN RA &#8211; SPACE IS THE PLACE

<p style="font-style:normal;font-weight:600">L&rsquo;afrofuturisme est une esthétique culturelle qui combine la science-fiction, l&rsquo;histoire et le fantastique pour représenter l&rsquo;expérience diasporique et sert d&rsquo;inspiration pour un avenir plus diversifié.</p>

<p style="font-style:normal;font-weight:700">DISCUSSION POSTERIEURE : <strong>L&rsquo;afrofuturisme &#8211; plus que de la science-fiction</strong><br/>Avec le Dr Natasha A. Kelly, Hawa Mansaray, Nando Nkrumah  </p>

<p><a href="https://ticketprime.io/e/afrofuturismus-mehr-als-science-fiction" target="_blank" rel="noopener"><strong>Plus d&rsquo;informations</strong></a></p>

<p style="font-style:normal;font-weight:700">FILM : SUN RA &#8211; SPACE IS THE PLACE</p>

<p>Californie, années 70 : le géant du jazz et voyageur temporel Sun Ra aspire à un monde meilleur pour la population noire, libéré de l&rsquo;oppression et du racisme. Il élabore donc un plan visionnaire : un groupe d&rsquo;élus doit partir dans l&rsquo;espace à bord d&rsquo;un vaisseau spatial pour fonder une nouvelle civilisation &#8211; avec l&rsquo;aide de la « musique spatiale » prophétique de Ras. Mais la NASA s&rsquo;oppose à ses projets.<br/>le secret &#8230;</p>

<p>« Space Is The Place » n&rsquo;est pas seulement un film culte, c&rsquo;est aussi une œuvre clé de l&rsquo;afrofuturisme.</p>

<p><em>« Avec son mélange de film musical, d&rsquo;opéra de science-fiction et de critique sociale, SPACE IS THE PLACE est considéré comme un chef-d&rsquo;œuvre du film de genre afrofuturiste ».</em><br/><em>Jazzthing.de</em></p>

<p style="font-style:normal;font-weight:700">BILLETS  <br/>Diksussion <a href="https://ticketprime.io/e/afrofuturismus-mehr-als-science-fiction" target="_blank" rel="noopener">: https://ticketprime.io/e/afrofuturismus-mehr-als-science-fiction</a> <br/>Film <a href="https://ticketprime.io/e/spaceistheplace" target="_blank" rel="noopener">: https://ticketprime.io/e/spaceistheplace</a></p>

<p><em><strong>L&rsquo;événement est soutenu par la <a href="https://www.stadt-koeln.de/artikel/72503/index.html" target="_blank" rel="noopener">ville de Cologne</a>.</strong></em></p>

<h2 class="wp-block-heading has-medium-font-size" style="font-style:normal;font-weight:700;text-transform:uppercase">Organisateur</h2>

<p><a href="https://afrikafilmfestivalkoeln.de" target="_blank" rel="noopener">Festival du film africain</a></p>

<p><a href="https://isdonline.de/" target="_blank" rel="noopener">Isd Cologne</a></p>

<p><a href="https://www.facebook.com/SCDGGermany" target="_blank" rel="noopener">Groupe de développement de la communauté du tournesol</a></p>

<p><a href="https://proud-event.de" target="_blank" rel="noopener">Événement Proud</a></p>

<p><a href="https://twm-bibliothek.de/" target="_blank" rel="noopener">Bibliothèque Theodor Wonja Michael</a></p>

<p><a href="https://myafrocity.com" target="_blank" rel="noopener">Ma ville afro</a></p>

<p>L&rsquo;afrofuturisme est une esthétique culturelle qui associe la science-fiction, l&rsquo;histoire et le fantastique.<br />
pour représenter l&rsquo;expérience diasporique et servir d&rsquo;inspiration pour un avenir plus diversifié.</p>
