{"id":5029,"date":"2023-03-10T12:38:20","date_gmt":"2023-03-10T11:38:20","guid":{"rendered":"https:\/\/african-futures.koeln\/events\/black-and-queer-empowerment-pour-les-personnes-noires-qui-sidentifient-comme-lsbtiaq\/"},"modified":"2023-06-12T10:46:19","modified_gmt":"2023-06-12T08:46:19","slug":"black-and-queer-empowerment-pour-les-personnes-noires-qui-sidentifient-comme-lsbtiaq","status":"publish","type":"mec-events","link":"https:\/\/african-futures.koeln\/fr\/events\/black-and-queer-empowerment-pour-les-personnes-noires-qui-sidentifient-comme-lsbtiaq\/","title":{"rendered":"Black and Queer &#8211; Empowerment pour les personnes noires qui s&rsquo;identifient comme lsbtiaq*."},"content":{"rendered":"\n<p>Les personnes noires queer sont sous-repr\u00e9sent\u00e9es dans les communaut\u00e9s afro-diasporiques. Avec cette offre, nous souhaitons cr\u00e9er un espace dans lequel nous sommes les bienvenus avec toutes nos identit\u00e9s. Nous vous invitons \u00e0 \u00e9changer sur des th\u00e8mes tels que l&#8217;empowerment et le self-care \u00e0 l&rsquo;aide de m\u00e9thodes cr\u00e9atives et centr\u00e9es sur le corps.<br\/>Cet \u00e9v\u00e9nement s&rsquo;adresse aux personnes qui s&rsquo;identifient comme noires et lesbiennes, gays, trans*, bi, inter*, pan, queer, non-binaires. Si ta participation n&rsquo;est pas claire en ce qui concerne les identit\u00e9s que nous avons indiqu\u00e9es, n&rsquo;h\u00e9site pas \u00e0 nous contacter.<\/p>\n\n<p>Afin de cr\u00e9er un espace de protection, nous aimerions demander \u00e0 toutes les personnes int\u00e9ress\u00e9es de s&rsquo;inscrire, y compris un auto-positionnement, \u00e0 l&rsquo;adresse e-mail suivante : <a href=\"mailto:empowerment@mehralsqueer.de\">empowerment@mehralsqueer.de<\/a><\/p>\n\n<h2 class=\"wp-block-heading has-medium-font-size\" style=\"font-style:normal;font-weight:700;text-transform:uppercase\">Organisateur<\/h2>\n\n<p>Centre <a href=\"https:\/\/www.mehralsqueer.de\/\" target=\"_blank\" rel=\"noopener\">#PlusQueDeQueer<\/a><\/p>\n\n<p>Association fa\u00eeti\u00e8re <a href=\"https:\/\/queeres-netzwerk.nrw\/\" target=\"_blank\" rel=\"noopener\">: https:\/\/queeres-netzwerk.nrw\/<\/a><\/p>\n\n<p>L&rsquo;\u00e9v\u00e9nement est soutenu par la <a href=\"https:\/\/www.stadt-koeln.de\/artikel\/72503\/index.html\" target=\"_blank\" rel=\"noopener\">ville de Cologne<\/a> et la <a href=\"https:\/\/www.vhs-koeln.de\/\" target=\"_blank\" rel=\"noopener\">Volkshochschule K\u00f6ln.<\/a><\/p>\n","protected":false},"excerpt":{"rendered":"<p>Les personnes noires queer sont sous-repr\u00e9sent\u00e9es dans les communaut\u00e9s afro-diasporiques. Nous souhaitons, par cette offre, cr\u00e9er un espace dans lequel nous pouvons, avec tous nos&#8230;<\/p>\n","protected":false},"author":1,"featured_media":4835,"comment_status":"closed","ping_status":"closed","template":"","mec_category":[306],"programmbereich":[],"mec_tag":[641],"class_list":["post-5029","mec-events","type-mec-events","status-publish","has-post-thumbnail","hentry","mec_category-societe-politique","mec_tag-ensemble-sur-le-chemin"],"acf":[],"_links":{"self":[{"href":"https:\/\/african-futures.koeln\/fr\/wp-json\/wp\/v2\/mec-events\/5029","targetHints":{"allow":["GET"]}}],"collection":[{"href":"https:\/\/african-futures.koeln\/fr\/wp-json\/wp\/v2\/mec-events"}],"about":[{"href":"https:\/\/african-futures.koeln\/fr\/wp-json\/wp\/v2\/types\/mec-events"}],"author":[{"embeddable":true,"href":"https:\/\/african-futures.koeln\/fr\/wp-json\/wp\/v2\/users\/1"}],"replies":[{"embeddable":true,"href":"https:\/\/african-futures.koeln\/fr\/wp-json\/wp\/v2\/comments?post=5029"}],"version-history":[{"count":3,"href":"https:\/\/african-futures.koeln\/fr\/wp-json\/wp\/v2\/mec-events\/5029\/revisions"}],"predecessor-version":[{"id":10167,"href":"https:\/\/african-futures.koeln\/fr\/wp-json\/wp\/v2\/mec-events\/5029\/revisions\/10167"}],"wp:featuredmedia":[{"embeddable":true,"href":"https:\/\/african-futures.koeln\/fr\/wp-json\/wp\/v2\/media\/4835"}],"wp:attachment":[{"href":"https:\/\/african-futures.koeln\/fr\/wp-json\/wp\/v2\/media?parent=5029"}],"wp:term":[{"taxonomy":"mec_category","embeddable":true,"href":"https:\/\/african-futures.koeln\/fr\/wp-json\/wp\/v2\/mec_category?post=5029"},{"taxonomy":"programmbereich","embeddable":true,"href":"https:\/\/african-futures.koeln\/fr\/wp-json\/wp\/v2\/programmbereich?post=5029"},{"taxonomy":"mec_tag","embeddable":true,"href":"https:\/\/african-futures.koeln\/fr\/wp-json\/wp\/v2\/mec_tag?post=5029"}],"curies":[{"name":"wp","href":"https:\/\/api.w.org\/{rel}","templated":true}]}}

<p>Les personnes noires queer sont sous-représentées dans les communautés afro-diasporiques. Avec cette offre, nous souhaitons créer un espace dans lequel nous sommes les bienvenus avec toutes nos identités. Nous vous invitons à échanger sur des thèmes tels que l&#8217;empowerment et le self-care à l&rsquo;aide de méthodes créatives et centrées sur le corps.<br/>Cet événement s&rsquo;adresse aux personnes qui s&rsquo;identifient comme noires et lesbiennes, gays, trans*, bi, inter*, pan, queer, non-binaires. Si ta participation n&rsquo;est pas claire en ce qui concerne les identités que nous avons indiquées, n&rsquo;hésite pas à nous contacter.</p>

<p>Afin de créer un espace de protection, nous aimerions demander à toutes les personnes intéressées de s&rsquo;inscrire, y compris un auto-positionnement, à l&rsquo;adresse e-mail suivante : <a href="mailto:empowerment@mehralsqueer.de">empowerment@mehralsqueer.de</a></p>

<h2 class="wp-block-heading has-medium-font-size" style="font-style:normal;font-weight:700;text-transform:uppercase">Organisateur</h2>

<p>Centre <a href="https://www.mehralsqueer.de/" target="_blank" rel="noopener">#PlusQueDeQueer</a></p>

<p>Association faîtière <a href="https://queeres-netzwerk.nrw/" target="_blank" rel="noopener">: https://queeres-netzwerk.nrw/</a></p>

<p>L&rsquo;événement est soutenu par la <a href="https://www.stadt-koeln.de/artikel/72503/index.html" target="_blank" rel="noopener">ville de Cologne</a> et la <a href="https://www.vhs-koeln.de/" target="_blank" rel="noopener">Volkshochschule Köln.</a></p>

<p>Les personnes noires queer sont sous-représentées dans les communautés afro-diasporiques. Nous souhaitons, par cette offre, créer un espace dans lequel nous pouvons, avec tous nos&#8230;</p>
