{"id":5043,"date":"2023-03-10T12:48:42","date_gmt":"2023-03-10T11:48:42","guid":{"rendered":"https:\/\/african-futures.koeln\/events\/b-or-der-st-or-ies-intervention-dans-lexposition-permanente-du-rautenstrauch-joest-museum\/"},"modified":"2023-06-12T10:46:19","modified_gmt":"2023-06-12T08:46:19","slug":"b-or-der-st-or-ies-intervention-dans-lexposition-permanente-du-rautenstrauch-joest-museum","status":"publish","type":"mec-events","link":"https:\/\/african-futures.koeln\/fr\/events\/b-or-der-st-or-ies-intervention-dans-lexposition-permanente-du-rautenstrauch-joest-museum\/","title":{"rendered":"b\/or\/der st\/or\/ies &#8211; Intervention dans l&rsquo;exposition permanente du Rautenstrauch-Joest-Museum"},"content":{"rendered":"\n<p><em>Borderstories<\/em> prend la forme d&rsquo;une intervention dans l&rsquo;exposition permanente du Rautenstrauch-Joest-Museum, et aborde la question du \u00ab\u00a0ou\u00a0\u00bb : en effet, les gens sont tr\u00e8s diff\u00e9remment concern\u00e9s par les fronti\u00e8res selon leur origine.<\/p>\n\n<p style=\"font-style:normal;font-weight:700\">Bien que le monde semble aujourd&rsquo;hui de plus en plus interconnect\u00e9, les fronti\u00e8res continuent d&rsquo;\u00eatre utilis\u00e9es dans le monde entier pour restreindre les libert\u00e9s de mouvement et consolider les in\u00e9galit\u00e9s sociales.<\/p>\n\n<p>Dans la \u00ab\u00a0K\u00f6ln Box\u00a0\u00bb, des voix locales de personnes concern\u00e9es s&rsquo;expriment \u00e0 ce sujet. En outre, les r\u00e9sultats des travaux de recherche de deux doctorantes de l&rsquo;universit\u00e9 de Cologne sur les dynamiques frontali\u00e8res locales en Afrique de l&rsquo;Est et \u00e0 la fronti\u00e8re hispano-marocaine seront pr\u00e9sent\u00e9s.<\/p>\n\n<p>D&rsquo;une part, l&rsquo;intervention fournit des informations sur le cloisonnement croissant de l&rsquo;Europe \u00e0 l&rsquo;exemple des villes frontali\u00e8res de Melilla et Nador. D&rsquo;autre part, il montre comment les puissances coloniales en Afrique ont utilis\u00e9 les fronti\u00e8res de mani\u00e8re strat\u00e9gique pour exercer leur pouvoir, et comment les int\u00e9r\u00eats n\u00e9ocoloniaux marquent encore aujourd&rsquo;hui les dynamiques frontali\u00e8res locales. Mais il existe aussi de nombreux exemples de pratiques r\u00e9sistantes.<\/p>\n\n<p>Outre l&rsquo;exposition, un large programme d&rsquo;accompagnement sera propos\u00e9. En outre, l&rsquo;exposition sera \u00e9tendue num\u00e9riquement par le biais d&rsquo;un site web et d&rsquo;un projet \u00e9tudiant de m\u00e9dias sociaux, pour finalement briser les fronti\u00e8res du mus\u00e9e lui-m\u00eame.<\/p>\n\n<p>Site web <a href=\"https:\/\/borderstories.de\/\" target=\"_blank\" rel=\"noopener\">: https:\/\/borderstories.de\/<\/a> <\/p>\n\n<p>Instagram <a href=\"https:\/\/www.instagram.com\/b_or_der_st_or_ies\/\" target=\"_blank\" rel=\"noopener\">: https:\/\/www.instagram.com\/b_or_der_st_or_ies\/<\/a><\/p>\n\n<p><a href=\"https:\/\/www.museenkoeln.de\/rautenstrauch-joest-museum\/Sonderausstellungen\" target=\"_blank\" rel=\"noopener\">https:\/\/www.museenkoeln.de\/rautenstrauch-joest-museum\/Sonderausstellungen<\/a><\/p>\n\n<h2 class=\"wp-block-heading has-medium-font-size\" style=\"font-style:normal;font-weight:700;text-transform:uppercase\">Organisateur<\/h2>\n\n<p>Katrin Sowa &amp; Sofie Steinberger (Universit\u00e9 de Cologne)<\/p>\n\n<p><a href=\"https:\/\/pamojaafrika.org\/\" target=\"_blank\" rel=\"noopener\">Pamoja Afrika e.V.<\/a><\/p>\n\n<p><a href=\"http:\/\/buendnis14afrika.com\/\" target=\"_blank\" rel=\"noopener\">Alliance 14 Afrique<\/a><\/p>\n\n<p>L&rsquo;\u00e9v\u00e9nement est soutenu par la <a href=\"https:\/\/www.stadt-koeln.de\/artikel\/72503\/index.html\" target=\"_blank\" rel=\"noopener\">ville de Cologne<\/a> et le <a href=\"https:\/\/gssc.uni-koeln.de\/\" target=\"_blank\" rel=\"noopener\">Global South Studies Center<\/a>.<\/p>\n\n<p><strong>P\u00e9riode d&rsquo;exposition : 25.5. jusqu&rsquo;au 27.8.2023  <\/strong><br\/>Heures d&rsquo;ouverture RJM : mar-dim 10-18h, jeu 10-20h, 1er jeu du mois : 10-22h, (les jours f\u00e9ri\u00e9s 10-18h), lundi ferm\u00e9<\/p>\n\n<p><strong>Vernissage et table ronde le 25.05.2023, 18 heures  <\/strong><\/p>\n\n<p>Visite guid\u00e9e le 03.06.2023, 11h : https:\/\/african-futures.koeln\/events\/b-or-der-st-or-ies-fuehrung-durch-die-ausstellung\/<\/p>\n","protected":false},"excerpt":{"rendered":"<p>b\/or\/der st\/or\/ies a lieu sous forme d&rsquo;intervention dans l&rsquo;exposition permanente du Rautenstrauch-Joest-Museum, et aborde la question du \u00ab\u00a0ou\u00a0\u00bb : car les gens&#8230;<\/p>\n","protected":false},"author":1,"featured_media":10248,"comment_status":"closed","ping_status":"closed","template":"","mec_category":[309,306],"programmbereich":[],"mec_tag":[410,641],"class_list":["post-5043","mec-events","type-mec-events","status-publish","has-post-thumbnail","hentry","mec_category-culture","mec_category-societe-politique","mec_tag-ecas-fr","mec_tag-ensemble-sur-le-chemin"],"acf":[],"_links":{"self":[{"href":"https:\/\/african-futures.koeln\/fr\/wp-json\/wp\/v2\/mec-events\/5043","targetHints":{"allow":["GET"]}}],"collection":[{"href":"https:\/\/african-futures.koeln\/fr\/wp-json\/wp\/v2\/mec-events"}],"about":[{"href":"https:\/\/african-futures.koeln\/fr\/wp-json\/wp\/v2\/types\/mec-events"}],"author":[{"embeddable":true,"href":"https:\/\/african-futures.koeln\/fr\/wp-json\/wp\/v2\/users\/1"}],"replies":[{"embeddable":true,"href":"https:\/\/african-futures.koeln\/fr\/wp-json\/wp\/v2\/comments?post=5043"}],"version-history":[{"count":10,"href":"https:\/\/african-futures.koeln\/fr\/wp-json\/wp\/v2\/mec-events\/5043\/revisions"}],"predecessor-version":[{"id":10495,"href":"https:\/\/african-futures.koeln\/fr\/wp-json\/wp\/v2\/mec-events\/5043\/revisions\/10495"}],"wp:featuredmedia":[{"embeddable":true,"href":"https:\/\/african-futures.koeln\/fr\/wp-json\/wp\/v2\/media\/10248"}],"wp:attachment":[{"href":"https:\/\/african-futures.koeln\/fr\/wp-json\/wp\/v2\/media?parent=5043"}],"wp:term":[{"taxonomy":"mec_category","embeddable":true,"href":"https:\/\/african-futures.koeln\/fr\/wp-json\/wp\/v2\/mec_category?post=5043"},{"taxonomy":"programmbereich","embeddable":true,"href":"https:\/\/african-futures.koeln\/fr\/wp-json\/wp\/v2\/programmbereich?post=5043"},{"taxonomy":"mec_tag","embeddable":true,"href":"https:\/\/african-futures.koeln\/fr\/wp-json\/wp\/v2\/mec_tag?post=5043"}],"curies":[{"name":"wp","href":"https:\/\/api.w.org\/{rel}","templated":true}]}}

<p><em>Borderstories</em> prend la forme d&rsquo;une intervention dans l&rsquo;exposition permanente du Rautenstrauch-Joest-Museum, et aborde la question du « ou » : en effet, les gens sont très différemment concernés par les frontières selon leur origine.</p>

<p style="font-style:normal;font-weight:700">Bien que le monde semble aujourd&rsquo;hui de plus en plus interconnecté, les frontières continuent d&rsquo;être utilisées dans le monde entier pour restreindre les libertés de mouvement et consolider les inégalités sociales.</p>

<p>Dans la « Köln Box », des voix locales de personnes concernées s&rsquo;expriment à ce sujet. En outre, les résultats des travaux de recherche de deux doctorantes de l&rsquo;université de Cologne sur les dynamiques frontalières locales en Afrique de l&rsquo;Est et à la frontière hispano-marocaine seront présentés.</p>

<p>D&rsquo;une part, l&rsquo;intervention fournit des informations sur le cloisonnement croissant de l&rsquo;Europe à l&rsquo;exemple des villes frontalières de Melilla et Nador. D&rsquo;autre part, il montre comment les puissances coloniales en Afrique ont utilisé les frontières de manière stratégique pour exercer leur pouvoir, et comment les intérêts néocoloniaux marquent encore aujourd&rsquo;hui les dynamiques frontalières locales. Mais il existe aussi de nombreux exemples de pratiques résistantes.</p>

<p>Outre l&rsquo;exposition, un large programme d&rsquo;accompagnement sera proposé. En outre, l&rsquo;exposition sera étendue numériquement par le biais d&rsquo;un site web et d&rsquo;un projet étudiant de médias sociaux, pour finalement briser les frontières du musée lui-même.</p>

<p>Site web <a href="https://borderstories.de/" target="_blank" rel="noopener">: https://borderstories.de/</a> </p>

<p>Instagram <a href="https://www.instagram.com/b_or_der_st_or_ies/" target="_blank" rel="noopener">: https://www.instagram.com/b_or_der_st_or_ies/</a></p>

<p><a href="https://www.museenkoeln.de/rautenstrauch-joest-museum/Sonderausstellungen" target="_blank" rel="noopener">https://www.museenkoeln.de/rautenstrauch-joest-museum/Sonderausstellungen</a></p>

<h2 class="wp-block-heading has-medium-font-size" style="font-style:normal;font-weight:700;text-transform:uppercase">Organisateur</h2>

<p>Katrin Sowa &amp; Sofie Steinberger (Université de Cologne)</p>

<p><a href="https://pamojaafrika.org/" target="_blank" rel="noopener">Pamoja Afrika e.V.</a></p>

<p><a href="http://buendnis14afrika.com/" target="_blank" rel="noopener">Alliance 14 Afrique</a></p>

<p>L&rsquo;événement est soutenu par la <a href="https://www.stadt-koeln.de/artikel/72503/index.html" target="_blank" rel="noopener">ville de Cologne</a> et le <a href="https://gssc.uni-koeln.de/" target="_blank" rel="noopener">Global South Studies Center</a>.</p>

<p><strong>Période d&rsquo;exposition : 25.5. jusqu&rsquo;au 27.8.2023  </strong><br/>Heures d&rsquo;ouverture RJM : mar-dim 10-18h, jeu 10-20h, 1er jeu du mois : 10-22h, (les jours fériés 10-18h), lundi fermé</p>

<p><strong>Vernissage et table ronde le 25.05.2023, 18 heures  </strong></p>

<p>Visite guidée le 03.06.2023, 11h : https://african-futures.koeln/events/b-or-der-st-or-ies-fuehrung-durch-die-ausstellung/</p>
