{"id":5044,"date":"2023-03-10T12:11:06","date_gmt":"2023-03-10T11:11:06","guid":{"rendered":"https:\/\/african-futures.koeln\/events\/sankara-realisation-yohan-malka-france-2021-omeu-62-min\/"},"modified":"2023-06-12T10:46:20","modified_gmt":"2023-06-12T08:46:20","slug":"sankara-realisation-yohan-malka-france-2021-omeu-62-min","status":"publish","type":"mec-events","link":"https:\/\/african-futures.koeln\/fr\/events\/sankara-realisation-yohan-malka-france-2021-omeu-62-min\/","title":{"rendered":"SANKARA &#8211; Pr\u00e9sentation du film"},"content":{"rendered":"\n<p>SANKARA &#8211; R\u00e9alisation : Yohan Malka ; France 2021 ; OmeU ; 62 min.<\/p>\n\n<p>SANKARA est souvent appel\u00e9 le Che Guevara de l&rsquo;Afrique. Encore trop peu connu dans notre pays, il joue un r\u00f4le majeur dans la lutte pour l&rsquo;ind\u00e9pendance du Burkina Faso et sur l&rsquo;ensemble du continent africain.<\/p>\n\n<p>Le r\u00e9alisateur et journaliste Yohan Malka est n\u00e9 en France et est le fils d&rsquo;immigr\u00e9s marocains. Son p\u00e8re \u00e9tait un admirateur de Sankara.<\/p>\n\n<p style=\"font-style:normal;font-weight:700\">Dans son film, Yohan Malka, examine les th\u00e8ses \u00e9cologiques, f\u00e9ministes et critiques du colonialisme de Sankara, qui sont encore pertinentes aujourd&rsquo;hui.<\/p>\n\n<p>Avec l&rsquo;aide de jeunes interview\u00e9s, de t\u00e9moins de l&rsquo;\u00e9poque et de compagnons de route de Sankara, Yohan retrace la courte vie de ce visionnaire. Des images d&rsquo;archives et des images actuelles mettent en lumi\u00e8re l&rsquo;action de Thomas Sankara dans le miroir de l&rsquo;\u00e9poque actuelle.<\/p>\n\n<p>Introduction au contenu avant le film : <strong>Christian M. Mbuyi.<\/strong> (Il a \u00e9crit et \u00e9dit\u00e9 une s\u00e9rie de livres pour enfants sur les h\u00e9ros* d&rsquo;Afrique, dont Thomas Sankara).<\/p>\n\n<p style=\"font-style:normal;font-weight:700\">BILLETS <a href=\"https:\/\/www.lichtspiele-kalk.de\/programm\/\" target=\"_blank\" rel=\"noopener\">: https:\/\/www.lichtspiele-kalk.de\/programm\/<\/a><\/p>\n\n<h2 class=\"wp-block-heading has-medium-font-size\" style=\"font-style:normal;font-weight:700;text-transform:uppercase\">Organisateur<\/h2>\n\n<p><a href=\"https:\/\/afrikafilmfestivalkoeln.de\" target=\"_blank\" rel=\"noopener\">Festival du film africain<\/a><\/p>\n\n<p><a href=\"https:\/\/isdonline.de\/\" target=\"_blank\" rel=\"noopener\">Isd Cologne<\/a><\/p>\n\n<p><a href=\"https:\/\/www.facebook.com\/SCDGGermany\" target=\"_blank\" rel=\"noopener\">Groupe de d\u00e9veloppement de la communaut\u00e9 du tournesol<\/a><\/p>\n\n<p><a href=\"https:\/\/proud-event.de\" target=\"_blank\" rel=\"noopener\">\u00c9v\u00e9nement Proud<\/a><\/p>\n\n<p><a href=\"https:\/\/twm-bibliothek.de\/\" target=\"_blank\" rel=\"noopener\">Theodor Wonja Michael Bibliothe<\/a><\/p>\n\n<p>L&rsquo;\u00e9v\u00e9nement est soutenu par la <a href=\"https:\/\/www.stadt-koeln.de\/artikel\/72503\/index.html\" target=\"_blank\" rel=\"noopener\">ville de Cologne<\/a>.<\/p>\n","protected":false},"excerpt":{"rendered":"<p>SANKARA &#8211; R\u00e9alisation : Yohan Malka ; France 2021 ; OmeU ; 62 min.<\/p>\n<p>SANKARA est souvent appel\u00e9 le Che Guevara de l&rsquo;Afrique. Encore trop peu connu dans notre pays, il joue&#8230;<\/p>\n","protected":false},"author":1,"featured_media":4821,"comment_status":"closed","ping_status":"closed","template":"","mec_category":[308,309],"programmbereich":[],"mec_tag":[641],"class_list":["post-5044","mec-events","type-mec-events","status-publish","has-post-thumbnail","hentry","mec_category-art","mec_category-culture","mec_tag-ensemble-sur-le-chemin"],"acf":[],"_links":{"self":[{"href":"https:\/\/african-futures.koeln\/fr\/wp-json\/wp\/v2\/mec-events\/5044","targetHints":{"allow":["GET"]}}],"collection":[{"href":"https:\/\/african-futures.koeln\/fr\/wp-json\/wp\/v2\/mec-events"}],"about":[{"href":"https:\/\/african-futures.koeln\/fr\/wp-json\/wp\/v2\/types\/mec-events"}],"author":[{"embeddable":true,"href":"https:\/\/african-futures.koeln\/fr\/wp-json\/wp\/v2\/users\/1"}],"replies":[{"embeddable":true,"href":"https:\/\/african-futures.koeln\/fr\/wp-json\/wp\/v2\/comments?post=5044"}],"version-history":[{"count":6,"href":"https:\/\/african-futures.koeln\/fr\/wp-json\/wp\/v2\/mec-events\/5044\/revisions"}],"predecessor-version":[{"id":10154,"href":"https:\/\/african-futures.koeln\/fr\/wp-json\/wp\/v2\/mec-events\/5044\/revisions\/10154"}],"wp:featuredmedia":[{"embeddable":true,"href":"https:\/\/african-futures.koeln\/fr\/wp-json\/wp\/v2\/media\/4821"}],"wp:attachment":[{"href":"https:\/\/african-futures.koeln\/fr\/wp-json\/wp\/v2\/media?parent=5044"}],"wp:term":[{"taxonomy":"mec_category","embeddable":true,"href":"https:\/\/african-futures.koeln\/fr\/wp-json\/wp\/v2\/mec_category?post=5044"},{"taxonomy":"programmbereich","embeddable":true,"href":"https:\/\/african-futures.koeln\/fr\/wp-json\/wp\/v2\/programmbereich?post=5044"},{"taxonomy":"mec_tag","embeddable":true,"href":"https:\/\/african-futures.koeln\/fr\/wp-json\/wp\/v2\/mec_tag?post=5044"}],"curies":[{"name":"wp","href":"https:\/\/api.w.org\/{rel}","templated":true}]}}

SANKARA &#8211; Présentation du film

<p>SANKARA &#8211; Réalisation : Yohan Malka ; France 2021 ; OmeU ; 62 min.</p>

<p>SANKARA est souvent appelé le Che Guevara de l&rsquo;Afrique. Encore trop peu connu dans notre pays, il joue un rôle majeur dans la lutte pour l&rsquo;indépendance du Burkina Faso et sur l&rsquo;ensemble du continent africain.</p>

<p>Le réalisateur et journaliste Yohan Malka est né en France et est le fils d&rsquo;immigrés marocains. Son père était un admirateur de Sankara.</p>

<p style="font-style:normal;font-weight:700">Dans son film, Yohan Malka, examine les thèses écologiques, féministes et critiques du colonialisme de Sankara, qui sont encore pertinentes aujourd&rsquo;hui.</p>

<p>Avec l&rsquo;aide de jeunes interviewés, de témoins de l&rsquo;époque et de compagnons de route de Sankara, Yohan retrace la courte vie de ce visionnaire. Des images d&rsquo;archives et des images actuelles mettent en lumière l&rsquo;action de Thomas Sankara dans le miroir de l&rsquo;époque actuelle.</p>

<p>Introduction au contenu avant le film : <strong>Christian M. Mbuyi.</strong> (Il a écrit et édité une série de livres pour enfants sur les héros* d&rsquo;Afrique, dont Thomas Sankara).</p>

<p style="font-style:normal;font-weight:700">BILLETS <a href="https://www.lichtspiele-kalk.de/programm/" target="_blank" rel="noopener">: https://www.lichtspiele-kalk.de/programm/</a></p>

<h2 class="wp-block-heading has-medium-font-size" style="font-style:normal;font-weight:700;text-transform:uppercase">Organisateur</h2>

<p><a href="https://afrikafilmfestivalkoeln.de" target="_blank" rel="noopener">Festival du film africain</a></p>

<p><a href="https://isdonline.de/" target="_blank" rel="noopener">Isd Cologne</a></p>

<p><a href="https://www.facebook.com/SCDGGermany" target="_blank" rel="noopener">Groupe de développement de la communauté du tournesol</a></p>

<p><a href="https://proud-event.de" target="_blank" rel="noopener">Événement Proud</a></p>

<p><a href="https://twm-bibliothek.de/" target="_blank" rel="noopener">Theodor Wonja Michael Bibliothe</a></p>

<p>L&rsquo;événement est soutenu par la <a href="https://www.stadt-koeln.de/artikel/72503/index.html" target="_blank" rel="noopener">ville de Cologne</a>.</p>

<p>SANKARA &#8211; Réalisation : Yohan Malka ; France 2021 ; OmeU ; 62 min.</p>
<p>SANKARA est souvent appelé le Che Guevara de l&rsquo;Afrique. Encore trop peu connu dans notre pays, il joue&#8230;</p>
