{"id":5939,"date":"2023-03-27T11:30:31","date_gmt":"2023-03-27T09:30:31","guid":{"rendered":"https:\/\/african-futures.koeln\/events\/one-mother-une-mere-film\/"},"modified":"2023-06-12T10:46:18","modified_gmt":"2023-06-12T08:46:18","slug":"one-mother-une-mere-film","status":"publish","type":"mec-events","link":"https:\/\/african-futures.koeln\/fr\/events\/one-mother-une-mere-film\/","title":{"rendered":"ONE MOTHER \/ UNE M\u00c8RE &#8211; Film"},"content":{"rendered":"\n<h2 class=\"wp-block-heading has-medium-font-size\"><strong>ONE MOTHER \/ UNE M\u00c8RE<\/strong><\/h2>\n\n<h3 class=\"wp-block-heading has-medium-font-size\"><strong>R\u00e9alisation : Micka\u00ebl Bandela ; DRC \/ France 2022 ; OmeU ; 86 min<\/strong><\/h3>\n\n<p>Lorsque le r\u00e9alisateur <strong>Micka\u00ebl Bandela<\/strong> avait six mois, sa m\u00e8re biologique Gis\u00e8le, qui vivait en France, l&rsquo;a confi\u00e9 \u00e0 une m\u00e8re adoptive, Marie-Th\u00e9r\u00e8se, qui s&rsquo;est occup\u00e9e de lui pendant pr\u00e8s de vingt ans. Le contact avec Gis\u00e8le n&rsquo;a jamais \u00e9t\u00e9 rompu, mais les visites sont rest\u00e9es irr\u00e9guli\u00e8res. Aujourd&rsquo;hui, Micka\u00ebl a 35 ans et fonde sa propre famille. En fait, c&rsquo;est le moment id\u00e9al pour int\u00e9grer \u00e9galement Gis\u00e8le dans sa vie en tant que grand-m\u00e8re. Mais elle d\u00e9cide de retourner dans son ancienne patrie congolaise. Micka\u00ebl essaie de comprendre &#8211; la femme qui l&rsquo;a mis au monde, la femme avec laquelle il a grandi et lui-m\u00eame. Son film autobiographique devient une recherche fragment\u00e9e de souvenirs de son propre devenir. Certaines s\u00e9quences montrent des moments de d\u00e9sorientation extr\u00eame. Une perte d&rsquo;\u00e9quilibre en tournant sur soi-m\u00eame, pourrait-on penser ?<\/p>\n\n<p>Un superbe documentaire qui explique la diff\u00e9rence entre les structures familiales de la plupart des familles africaines et celles des autres pays.<br\/>Un sujet tr\u00e8s important et souvent non exprim\u00e9, qui concerne de nombreuses personnes n\u00e9es dans la diaspora et ayant des racines africaines.<\/p>\n\n<p>Introduction : <strong>Tutu Westerhoff<\/strong><\/p>\n\n<h4 class=\"wp-block-heading has-medium-font-size\" style=\"text-transform:uppercase\"><strong>Organisateur<\/strong>:  <\/h4>\n\n<p><a href=\"https:\/\/afrikafilmfestivalkoeln.de\" target=\"_blank\" rel=\"noopener\">Festival du film africain de Cologne<\/a><\/p>\n\n<p><a href=\"https:\/\/www.facebook.com\/SCDGGermany\" target=\"_blank\" rel=\"noopener\">ISD &#8211; Groupe r\u00e9gional de Cologne<\/a><\/p>\n\n<p><a href=\"https:\/\/www.facebook.com\/SCDGGermany\" target=\"_blank\" rel=\"noopener\">Groupe de d\u00e9veloppement de la communaut\u00e9 du tournesol<\/a><\/p>\n\n<p><a href=\"https:\/\/proud-event.de\/\" target=\"_blank\" rel=\"noopener\">PROUD e. V.<\/a><\/p>\n\n<p><a href=\"https:\/\/twm-bibliothek.de\/\" target=\"_blank\" rel=\"noopener\">Biblioth\u00e8que Theodor Wonja Michael<\/a><\/p>\n","protected":false},"excerpt":{"rendered":"<p>Lorsque le r\u00e9alisateur Micka\u00ebl Bandela avait six mois, sa m\u00e8re biologique Gis\u00e8le, qui vivait en France, l&rsquo;a confi\u00e9 \u00e0 une m\u00e8re adoptive, Marie-Th\u00e9r\u00e8se, qui l&rsquo;a gard\u00e9 pr\u00e8s de vingt ans&#8230;<\/p>\n","protected":false},"author":1,"featured_media":5944,"comment_status":"closed","ping_status":"closed","template":"","mec_category":[309],"programmbereich":[],"mec_tag":[377,450,449,445,447],"class_list":["post-5939","mec-events","type-mec-events","status-publish","has-post-thumbnail","hentry","mec_category-culture","mec_tag-colonialisme","mec_tag-ecologie","mec_tag-feminisme","mec_tag-histoire-africaine","mec_tag-mouvement-de-liberation"],"acf":[],"_links":{"self":[{"href":"https:\/\/african-futures.koeln\/fr\/wp-json\/wp\/v2\/mec-events\/5939","targetHints":{"allow":["GET"]}}],"collection":[{"href":"https:\/\/african-futures.koeln\/fr\/wp-json\/wp\/v2\/mec-events"}],"about":[{"href":"https:\/\/african-futures.koeln\/fr\/wp-json\/wp\/v2\/types\/mec-events"}],"author":[{"embeddable":true,"href":"https:\/\/african-futures.koeln\/fr\/wp-json\/wp\/v2\/users\/1"}],"replies":[{"embeddable":true,"href":"https:\/\/african-futures.koeln\/fr\/wp-json\/wp\/v2\/comments?post=5939"}],"version-history":[{"count":3,"href":"https:\/\/african-futures.koeln\/fr\/wp-json\/wp\/v2\/mec-events\/5939\/revisions"}],"predecessor-version":[{"id":10768,"href":"https:\/\/african-futures.koeln\/fr\/wp-json\/wp\/v2\/mec-events\/5939\/revisions\/10768"}],"wp:featuredmedia":[{"embeddable":true,"href":"https:\/\/african-futures.koeln\/fr\/wp-json\/wp\/v2\/media\/5944"}],"wp:attachment":[{"href":"https:\/\/african-futures.koeln\/fr\/wp-json\/wp\/v2\/media?parent=5939"}],"wp:term":[{"taxonomy":"mec_category","embeddable":true,"href":"https:\/\/african-futures.koeln\/fr\/wp-json\/wp\/v2\/mec_category?post=5939"},{"taxonomy":"programmbereich","embeddable":true,"href":"https:\/\/african-futures.koeln\/fr\/wp-json\/wp\/v2\/programmbereich?post=5939"},{"taxonomy":"mec_tag","embeddable":true,"href":"https:\/\/african-futures.koeln\/fr\/wp-json\/wp\/v2\/mec_tag?post=5939"}],"curies":[{"name":"wp","href":"https:\/\/api.w.org\/{rel}","templated":true}]}}

ONE MOTHER / UNE MÈRE &#8211; Film

<h2 class="wp-block-heading has-medium-font-size"><strong>ONE MOTHER / UNE MÈRE</strong></h2>

<h3 class="wp-block-heading has-medium-font-size"><strong>Réalisation : Mickaël Bandela ; DRC / France 2022 ; OmeU ; 86 min</strong></h3>

<p>Lorsque le réalisateur <strong>Mickaël Bandela</strong> avait six mois, sa mère biologique Gisèle, qui vivait en France, l&rsquo;a confié à une mère adoptive, Marie-Thérèse, qui s&rsquo;est occupée de lui pendant près de vingt ans. Le contact avec Gisèle n&rsquo;a jamais été rompu, mais les visites sont restées irrégulières. Aujourd&rsquo;hui, Mickaël a 35 ans et fonde sa propre famille. En fait, c&rsquo;est le moment idéal pour intégrer également Gisèle dans sa vie en tant que grand-mère. Mais elle décide de retourner dans son ancienne patrie congolaise. Mickaël essaie de comprendre &#8211; la femme qui l&rsquo;a mis au monde, la femme avec laquelle il a grandi et lui-même. Son film autobiographique devient une recherche fragmentée de souvenirs de son propre devenir. Certaines séquences montrent des moments de désorientation extrême. Une perte d&rsquo;équilibre en tournant sur soi-même, pourrait-on penser ?</p>

<p>Un superbe documentaire qui explique la différence entre les structures familiales de la plupart des familles africaines et celles des autres pays.<br/>Un sujet très important et souvent non exprimé, qui concerne de nombreuses personnes nées dans la diaspora et ayant des racines africaines.</p>

<p>Introduction : <strong>Tutu Westerhoff</strong></p>

<h4 class="wp-block-heading has-medium-font-size" style="text-transform:uppercase"><strong>Organisateur</strong>:  </h4>

<p><a href="https://afrikafilmfestivalkoeln.de" target="_blank" rel="noopener">Festival du film africain de Cologne</a></p>

<p><a href="https://www.facebook.com/SCDGGermany" target="_blank" rel="noopener">ISD &#8211; Groupe régional de Cologne</a></p>

<p><a href="https://www.facebook.com/SCDGGermany" target="_blank" rel="noopener">Groupe de développement de la communauté du tournesol</a></p>

<p><a href="https://proud-event.de/" target="_blank" rel="noopener">PROUD e. V.</a></p>

<p><a href="https://twm-bibliothek.de/" target="_blank" rel="noopener">Bibliothèque Theodor Wonja Michael</a></p>

<p>Lorsque le réalisateur Mickaël Bandela avait six mois, sa mère biologique Gisèle, qui vivait en France, l&rsquo;a confié à une mère adoptive, Marie-Thérèse, qui l&rsquo;a gardé près de vingt ans&#8230;</p>
