{"id":9453,"date":"2023-05-11T17:05:50","date_gmt":"2023-05-11T15:05:50","guid":{"rendered":"https:\/\/african-futures.koeln\/events\/y-a-t-il-un-avenir-pour-les-etudes-africaines-en-europe-table-ronde-douverture-ecas\/"},"modified":"2023-06-12T10:48:12","modified_gmt":"2023-06-12T08:48:12","slug":"y-a-t-il-un-avenir-pour-les-etudes-africaines-en-europe-table-ronde-douverture-ecas","status":"publish","type":"mec-events","link":"https:\/\/african-futures.koeln\/fr\/events\/y-a-t-il-un-avenir-pour-les-etudes-africaines-en-europe-table-ronde-douverture-ecas\/","title":{"rendered":"Y a-t-il un avenir pour les \u00e9tudes africaines en Europe ? Table ronde d&rsquo;ouverture ECAS"},"content":{"rendered":"\n<p>Cela semble contradictoire, certainement au premier abord. Une conf\u00e9rence europ\u00e9enne sur les \u00e9tudes africaines peut-elle se d\u00e9tacher de son pass\u00e9 colonial ? Peut-on pr\u00e9tendre offrir des espaces de rencontre, de transfert de connaissances et d&rsquo;\u00e9change ouvert d&rsquo;id\u00e9es entre chercheurs -de tous les coins du monde- dans un contexte marqu\u00e9 par la mont\u00e9e de la bigoterie et du racisme, par l&rsquo;\u00e9rection de nouveaux murs et le refus de visas ? Sommes-nous entr\u00e9s dans une nouvelle \u00e8re de nationalisme \u00e9pist\u00e9mologique ? Qu&rsquo;est-ce que cela signifie pour l&rsquo;avenir de telles formes d&rsquo;\u00e9changes universitaires comme les n\u00f4tres ? Quelle est la cons\u00e9quence des changements politiques et sociaux en cours dans l&rsquo;environnement du travail scientifique et universitaire, dans un monde que nous aimerions tous voir comme \u00e9tant d\u00e9colonis\u00e9, mais qui ne l&rsquo;est pas ?<\/p>\n\n<p>Cette table ronde aborde la possibilit\u00e9 et les opportunit\u00e9s pour l&rsquo;avenir d&rsquo;accueillir des collaborations Afrique-Europe en prenant s\u00e9rieusement en compte les voix des jeunes talents universitaires africains \u00e9mergents. Parmi les questions qu&rsquo;il aborde : comment pouvons-nous &#8211; dans le contexte politique actuel &#8211; cr\u00e9er un environnement plus accueillant pour les chercheurs et les premiers chercheurs du Sud ? Y a-t-il encore une place pour les \u00e9tudes africaines en Europe ? Quelle est la v\u00e9racit\u00e9 des revendications de l&rsquo;Acad\u00e9mie en mati\u00e8re de d\u00e9colonisation dans un contexte qui semble orient\u00e9 vers le retour \u00e0 l&rsquo;horloge ?<\/p>\n\n<p><strong>Pr\u00e9sentateur :<\/strong><br\/>ShaNon Bobinger<\/p>\n\n<p><strong>Orateurs<\/strong>:<br\/>Dr Chareston Thomas<br\/>Dr. Divine Fuh<br\/>Dr Faisal Muhammed<br\/>Ndapewa Fenny Nakanyete<br\/>Dr. Jonathan Ngeh<br\/>Stha Yeni<\/p>\n\n<h2 class=\"wp-block-heading has-medium-font-size\" style=\"font-style:normal;font-weight:700;text-transform:uppercase\">Organisateur<\/h2>\n\n<p><a href=\"https:\/\/gssc.uni-koeln.de\/\" target=\"_blank\" rel=\"noopener\">Centre d&rsquo;\u00e9tudes sur le Sud mondial (GSSC)<\/a><\/p>\n","protected":false},"excerpt":{"rendered":"<p>Cela semble contradictoire, certainement au premier abord. Une conf\u00e9rence europ\u00e9enne sur les \u00e9tudes africaines peut-elle se d\u00e9tacher de son pass\u00e9 colonial ? Peut-on pr\u00e9tendre offrir des espaces de rencontre, de connaissance&#8230;.<\/p>\n","protected":false},"author":3,"featured_media":9445,"comment_status":"closed","ping_status":"closed","template":"","mec_category":[307],"programmbereich":[],"mec_tag":[410],"class_list":["post-9453","mec-events","type-mec-events","status-publish","has-post-thumbnail","hentry","mec_category-science","mec_tag-ecas-fr"],"acf":[],"_links":{"self":[{"href":"https:\/\/african-futures.koeln\/fr\/wp-json\/wp\/v2\/mec-events\/9453","targetHints":{"allow":["GET"]}}],"collection":[{"href":"https:\/\/african-futures.koeln\/fr\/wp-json\/wp\/v2\/mec-events"}],"about":[{"href":"https:\/\/african-futures.koeln\/fr\/wp-json\/wp\/v2\/types\/mec-events"}],"author":[{"embeddable":true,"href":"https:\/\/african-futures.koeln\/fr\/wp-json\/wp\/v2\/users\/3"}],"replies":[{"embeddable":true,"href":"https:\/\/african-futures.koeln\/fr\/wp-json\/wp\/v2\/comments?post=9453"}],"version-history":[{"count":1,"href":"https:\/\/african-futures.koeln\/fr\/wp-json\/wp\/v2\/mec-events\/9453\/revisions"}],"predecessor-version":[{"id":9454,"href":"https:\/\/african-futures.koeln\/fr\/wp-json\/wp\/v2\/mec-events\/9453\/revisions\/9454"}],"wp:featuredmedia":[{"embeddable":true,"href":"https:\/\/african-futures.koeln\/fr\/wp-json\/wp\/v2\/media\/9445"}],"wp:attachment":[{"href":"https:\/\/african-futures.koeln\/fr\/wp-json\/wp\/v2\/media?parent=9453"}],"wp:term":[{"taxonomy":"mec_category","embeddable":true,"href":"https:\/\/african-futures.koeln\/fr\/wp-json\/wp\/v2\/mec_category?post=9453"},{"taxonomy":"programmbereich","embeddable":true,"href":"https:\/\/african-futures.koeln\/fr\/wp-json\/wp\/v2\/programmbereich?post=9453"},{"taxonomy":"mec_tag","embeddable":true,"href":"https:\/\/african-futures.koeln\/fr\/wp-json\/wp\/v2\/mec_tag?post=9453"}],"curies":[{"name":"wp","href":"https:\/\/api.w.org\/{rel}","templated":true}]}}

Y a-t-il un avenir pour les études africaines en Europe ? Table ronde d&rsquo;ouverture ECAS

<p>Cela semble contradictoire, certainement au premier abord. Une conférence européenne sur les études africaines peut-elle se détacher de son passé colonial ? Peut-on prétendre offrir des espaces de rencontre, de transfert de connaissances et d&rsquo;échange ouvert d&rsquo;idées entre chercheurs -de tous les coins du monde- dans un contexte marqué par la montée de la bigoterie et du racisme, par l&rsquo;érection de nouveaux murs et le refus de visas ? Sommes-nous entrés dans une nouvelle ère de nationalisme épistémologique ? Qu&rsquo;est-ce que cela signifie pour l&rsquo;avenir de telles formes d&rsquo;échanges universitaires comme les nôtres ? Quelle est la conséquence des changements politiques et sociaux en cours dans l&rsquo;environnement du travail scientifique et universitaire, dans un monde que nous aimerions tous voir comme étant décolonisé, mais qui ne l&rsquo;est pas ?</p>

<p>Cette table ronde aborde la possibilité et les opportunités pour l&rsquo;avenir d&rsquo;accueillir des collaborations Afrique-Europe en prenant sérieusement en compte les voix des jeunes talents universitaires africains émergents. Parmi les questions qu&rsquo;il aborde : comment pouvons-nous &#8211; dans le contexte politique actuel &#8211; créer un environnement plus accueillant pour les chercheurs et les premiers chercheurs du Sud ? Y a-t-il encore une place pour les études africaines en Europe ? Quelle est la véracité des revendications de l&rsquo;Académie en matière de décolonisation dans un contexte qui semble orienté vers le retour à l&rsquo;horloge ?</p>

<p><strong>Présentateur :</strong><br/>ShaNon Bobinger</p>

<p><strong>Orateurs</strong>:<br/>Dr Chareston Thomas<br/>Dr. Divine Fuh<br/>Dr Faisal Muhammed<br/>Ndapewa Fenny Nakanyete<br/>Dr. Jonathan Ngeh<br/>Stha Yeni</p>

<h2 class="wp-block-heading has-medium-font-size" style="font-style:normal;font-weight:700;text-transform:uppercase">Organisateur</h2>

<p><a href="https://gssc.uni-koeln.de/" target="_blank" rel="noopener">Centre d&rsquo;études sur le Sud mondial (GSSC)</a></p>

<p>Cela semble contradictoire, certainement au premier abord. Une conférence européenne sur les études africaines peut-elle se détacher de son passé colonial ? Peut-on prétendre offrir des espaces de rencontre, de connaissance&#8230;.</p>
