{"id":4971,"date":"2023-02-27T10:40:55","date_gmt":"2023-02-27T09:40:55","guid":{"rendered":"https:\/\/african-futures.koeln\/programme\/"},"modified":"2025-03-27T07:20:31","modified_gmt":"2025-03-27T06:20:31","slug":"programme","status":"publish","type":"page","link":"https:\/\/african-futures.koeln\/fr\/programme\/","title":{"rendered":"Calendrier"},"content":{"rendered":"\t\t<div data-elementor-type=\"wp-page\" data-elementor-id=\"4971\" class=\"elementor elementor-4971 elementor-861\" data-elementor-post-type=\"page\">\n\t\t\t\t<div class=\"elementor-element elementor-element-1a8dfd6 e-flex e-con-boxed e-con e-parent\" data-id=\"1a8dfd6\" data-element_type=\"container\" data-e-type=\"container\">\n\t\t\t\t\t<div class=\"e-con-inner\">\n\t\t<div class=\"elementor-element elementor-element-1d7350d e-con-full e-flex e-con e-child\" data-id=\"1d7350d\" data-element_type=\"container\" data-e-type=\"container\">\n\t\t<div class=\"elementor-element elementor-element-dc697d7 e-con-full e-flex e-con e-child\" data-id=\"dc697d7\" data-element_type=\"container\" data-e-type=\"container\">\n\t\t\t\t<div class=\"elementor-element elementor-element-d7a1b22 elementor-widget elementor-widget-text-editor\" data-id=\"d7a1b22\" data-element_type=\"widget\" data-e-type=\"widget\" data-widget_type=\"text-editor.default\">\n\t\t\t\t<div class=\"elementor-widget-container\">\n\t\t\t\t\t\t\t\t\tAfrican futures <br>all Around\t\t\t\t\t\t\t\t<\/div>\n\t\t\t\t<\/div>\n\t\t\t\t<div class=\"elementor-element elementor-element-0e40bd9 elementor-widget elementor-widget-text-editor\" data-id=\"0e40bd9\" data-element_type=\"widget\" data-e-type=\"widget\" data-widget_type=\"text-editor.default\">\n\t\t\t\t<div class=\"elementor-widget-container\">\n\t\t\t\t\t\t\t\t\t<p>Programme 30.5. &#8211; 11.6. 2023 <\/p>\n\t\t\t\t\t\t\t\t<\/div>\n\t\t\t\t<\/div>\n\t\t\t\t<\/div>\n\t\t<div class=\"elementor-element elementor-element-5963395 e-con-full e-flex e-con e-child\" data-id=\"5963395\" data-element_type=\"container\" data-e-type=\"container\">\n\t\t\t\t<div class=\"elementor-element elementor-element-eeda030 elementor-widget__width-initial elementor-widget elementor-widget-text-editor\" data-id=\"eeda030\" data-element_type=\"widget\" data-e-type=\"widget\" data-widget_type=\"text-editor.default\">\n\t\t\t\t<div class=\"elementor-widget-container\">\n\t\t\t\t\t\t\t\t\t<p>Du 30 mai au 11 juin 2023, des visions d&rsquo;avenir ont \u00e9t\u00e9 esquiss\u00e9es et des d\u00e9fis th\u00e9matis\u00e9s sous le slogan \u00ab\u00a0African Futures\u00a0\u00bb, et la complexit\u00e9, la multiplicit\u00e9 et la cr\u00e9ativit\u00e9 de l&rsquo;Afrique moderne et de la diaspora africaine ont \u00e9t\u00e9 pr\u00e9sent\u00e9es \u00e0 Cologne. Le programme riche et vari\u00e9 dans diff\u00e9rents lieux de Cologne proposait des concerts, des films et des repr\u00e9sentations th\u00e9\u00e2trales, mais aussi des lectures, des discussions et d&rsquo;autres formats. <\/p>\n\t\t\t\t\t\t\t\t<\/div>\n\t\t\t\t<\/div>\n\t\t\t\t<\/div>\n\t\t\t\t<\/div>\n\t\t\t\t\t<\/div>\n\t\t\t\t<\/div>\n\t\t<div class=\"elementor-element elementor-element-9f06ca6 e-flex e-con-boxed e-con e-parent\" data-id=\"9f06ca6\" data-element_type=\"container\" data-e-type=\"container\">\n\t\t\t\t\t<div class=\"e-con-inner\">\n\t\t\t\t\t<\/div>\n\t\t\t\t<\/div>\n\t\t\t\t<\/div>\n\t\t","protected":false},"excerpt":{"rendered":"<p>African futures all Around Programme 30.5. &#8211; 11.6. 2023 Du 30 mai au 11 juin 2023, des visions d&rsquo;avenir ont \u00e9t\u00e9 esquiss\u00e9es et des d\u00e9fis th\u00e9matis\u00e9s sous le slogan \u00ab\u00a0African Futures\u00a0\u00bb, et la complexit\u00e9, la multiplicit\u00e9 et la cr\u00e9ativit\u00e9 de l&rsquo;Afrique moderne et de la diaspora africaine ont \u00e9t\u00e9 pr\u00e9sent\u00e9es \u00e0 Cologne. Le programme riche [&hellip;]<\/p>\n","protected":false},"author":1,"featured_media":0,"parent":0,"menu_order":0,"comment_status":"closed","ping_status":"closed","template":"","meta":{"_acf_changed":false,"footnotes":""},"class_list":["post-4971","page","type-page","status-publish","hentry"],"acf":[],"_links":{"self":[{"href":"https:\/\/african-futures.koeln\/fr\/wp-json\/wp\/v2\/pages\/4971","targetHints":{"allow":["GET"]}}],"collection":[{"href":"https:\/\/african-futures.koeln\/fr\/wp-json\/wp\/v2\/pages"}],"about":[{"href":"https:\/\/african-futures.koeln\/fr\/wp-json\/wp\/v2\/types\/page"}],"author":[{"embeddable":true,"href":"https:\/\/african-futures.koeln\/fr\/wp-json\/wp\/v2\/users\/1"}],"replies":[{"embeddable":true,"href":"https:\/\/african-futures.koeln\/fr\/wp-json\/wp\/v2\/comments?post=4971"}],"version-history":[{"count":10,"href":"https:\/\/african-futures.koeln\/fr\/wp-json\/wp\/v2\/pages\/4971\/revisions"}],"predecessor-version":[{"id":11346,"href":"https:\/\/african-futures.koeln\/fr\/wp-json\/wp\/v2\/pages\/4971\/revisions\/11346"}],"wp:attachment":[{"href":"https:\/\/african-futures.koeln\/fr\/wp-json\/wp\/v2\/media?parent=4971"}],"curies":[{"name":"wp","href":"https:\/\/api.w.org\/{rel}","templated":true}]}}

<div data-elementor-type="wp-page" data-elementor-id="4971" class="elementor elementor-4971 elementor-861" data-elementor-post-type="page">
				<div class="elementor-element elementor-element-1a8dfd6 e-flex e-con-boxed e-con e-parent" data-id="1a8dfd6" data-element_type="container" data-e-type="container">
					<div class="e-con-inner">
		<div class="elementor-element elementor-element-1d7350d e-con-full e-flex e-con e-child" data-id="1d7350d" data-element_type="container" data-e-type="container">
		<div class="elementor-element elementor-element-dc697d7 e-con-full e-flex e-con e-child" data-id="dc697d7" data-element_type="container" data-e-type="container">
				<div class="elementor-element elementor-element-d7a1b22 elementor-widget elementor-widget-text-editor" data-id="d7a1b22" data-element_type="widget" data-e-type="widget" data-widget_type="text-editor.default">
				<div class="elementor-widget-container">
									African futures <br>all Around								</div>
				</div>
				<div class="elementor-element elementor-element-0e40bd9 elementor-widget elementor-widget-text-editor" data-id="0e40bd9" data-element_type="widget" data-e-type="widget" data-widget_type="text-editor.default">
				<div class="elementor-widget-container">
									<p>Programme 30.5. &#8211; 11.6. 2023 </p>
								</div>
				</div>
				</div>
		<div class="elementor-element elementor-element-5963395 e-con-full e-flex e-con e-child" data-id="5963395" data-element_type="container" data-e-type="container">
				<div class="elementor-element elementor-element-eeda030 elementor-widget__width-initial elementor-widget elementor-widget-text-editor" data-id="eeda030" data-element_type="widget" data-e-type="widget" data-widget_type="text-editor.default">
				<div class="elementor-widget-container">
									<p>Du 30 mai au 11 juin 2023, des visions d&rsquo;avenir ont été esquissées et des défis thématisés sous le slogan « African Futures », et la complexité, la multiplicité et la créativité de l&rsquo;Afrique moderne et de la diaspora africaine ont été présentées à Cologne. Le programme riche et varié dans différents lieux de Cologne proposait des concerts, des films et des représentations théâtrales, mais aussi des lectures, des discussions et d&rsquo;autres formats. </p>
								</div>
				</div>
				</div>
				</div>
					</div>
				</div>
		<div class="elementor-element elementor-element-9f06ca6 e-flex e-con-boxed e-con e-parent" data-id="9f06ca6" data-element_type="container" data-e-type="container">
					<div class="e-con-inner">
					</div>
				</div>
				</div>

<p>African futures all Around Programme 30.5. &#8211; 11.6. 2023 Du 30 mai au 11 juin 2023, des visions d&rsquo;avenir ont été esquissées et des défis thématisés sous le slogan « African Futures », et la complexité, la multiplicité et la créativité de l&rsquo;Afrique moderne et de la diaspora africaine ont été présentées à Cologne. Le programme riche [&hellip;]</p>
